74995245?
5, 34999049
What are the prime factors of 580904061?
3, 193634687
List the prime factors of 1154425482.
2, 3, 7, 643, 14249
List the prime factors of 391691158.
2, 139, 1408961
What are the prime factors of 1324883957?
79, 16770683
List the prime factors of 16276033.
157, 103669
List the prime factors of 6907301.
241, 28661
List the prime factors of 59232681.
3, 2193803
What are the prime factors of 2421157541?
11, 181, 283, 4297
What are the prime factors of 912351663?
3, 67, 1513021
List the prime factors of 41122702.
2, 20561351
List the prime factors of 175227652.
2, 19, 2305627
What are the prime factors of 7115635?
5, 1423127
What are the prime factors of 99633717?
3, 11070413
What are the prime factors of 1814327191?
7229, 250979
What are the prime factors of 255816946?
2, 7, 11, 29, 167
List the prime factors of 693339236.
2, 173334809
What are the prime factors of 207206158?
2, 9539, 10861
What are the prime factors of 5971588568?
2, 11, 587, 115603
List the prime factors of 64034394.
2, 3, 10672399
List the prime factors of 2087021.
2087021
What are the prime factors of 1775652?
2, 3, 73, 2027
What are the prime factors of 1645248038?
2, 7, 19, 6185143
What are the prime factors of 8902999?
7, 157, 8101
List the prime factors of 1311002375.
5, 19, 552001
What are the prime factors of 80266239?
3, 97, 91943
List the prime factors of 286637325.
3, 5, 13, 19, 15473
List the prime factors of 6324103265.
5, 1264820653
What are the prime factors of 155930716?
2, 38982679
What are the prime factors of 856531355?
5, 6131, 27941
List the prime factors of 1339688012.
2, 13, 1981787
What are the prime factors of 15685351?
11, 129631
What are the prime factors of 295758458?
2, 147879229
List the prime factors of 725789975.
5, 59, 492061
What are the prime factors of 20998636?
2, 5249659
List the prime factors of 978666525.
3, 5, 1151, 3779
What are the prime factors of 51087909?
3, 127, 134089
What are the prime factors of 160347365?
5, 19, 191, 8837
What are the prime factors of 514535003?
547, 940649
What are the prime factors of 124974598?
2, 7, 43, 47, 631
List the prime factors of 284650885.
5, 647, 87991
List the prime factors of 4250310116.
2, 13, 23, 273367
List the prime factors of 140139.
3, 23, 677
List the prime factors of 876835601.
23, 103, 359, 1031
What are the prime factors of 4616265?
3, 5, 17, 43, 421
What are the prime factors of 2012111122?
2, 7, 7867, 18269
What are the prime factors of 239351820?
2, 3, 5, 101, 127, 311
What are the prime factors of 86476939?
89, 971651
List the prime factors of 19878701.
19878701
What are the prime factors of 8913387981?
3, 40177, 73951
List the prime factors of 43912478.
2, 83, 113, 2341
List the prime factors of 1582769423.
1582769423
What are the prime factors of 2326964955?
3, 5, 7, 22161571
List the prime factors of 427635052.
2, 13, 19, 239, 1811
What are the prime factors of 41198746?
2, 20599373
List the prime factors of 618187318.
2, 7, 44156237
List the prime factors of 47802457.
1013, 47189
List the prime factors of 333956365.
5, 1031, 64783
List the prime factors of 121841484.
2, 3, 47, 349, 619
What are the prime factors of 543789854?
2, 7639, 35593
What are the prime factors of 1527177777?
3, 509059259
List the prime factors of 1635289188.
2, 3, 13, 19, 551717
List the prime factors of 457958400.
2, 3, 5, 67, 89
List the prime factors of 340931330.
2, 5, 34093133
What are the prime factors of 472861929?
3, 929, 169667
What are the prime factors of 1269338507?
17, 2609, 28619
What are the prime factors of 5168216070?
2, 3, 5, 17, 1125973
What are the prime factors of 41363736?
2, 3, 1723489
List the prime factors of 34022798.
2, 2731, 6229
What are the prime factors of 132116427?
3, 543689
List the prime factors of 83541832.
2, 11, 97, 9787
What are the prime factors of 254126325?
3, 5, 3388351
What are the prime factors of 81972885?
3, 5, 727, 7517
What are the prime factors of 5721049657?
5721049657
What are the prime factors of 315554976?
2, 3, 11, 99607
List the prime factors of 41226244.
2, 107, 96323
List the prime factors of 27107070.
2, 3, 5, 903569
What are the prime factors of 131885590?
2, 5, 197, 66947
List the prime factors of 1923676274.
2, 13, 3571, 20719
What are the prime factors of 1390002278?
2, 7, 99285877
What are the prime factors of 1336333385?
5, 267266677
What are the prime factors of 21263193?
3, 7, 337511
List the prime factors of 313652032.
2, 1051, 4663
List the prime factors of 341884740.
2, 3, 5, 31, 183809
What are the prime factors of 2106067117?
7, 11, 17, 1608913
What are the prime factors of 2083301062?
2, 719, 1117, 1297
What are the prime factors of 81312674?
2, 67, 606811
What are the prime factors of 882498685?
5, 6311, 27967
List the prime factors of 806216423.
806216423
List the prime factors of 1692061.
7, 17, 59, 241
List the prime factors of 44431304.
2, 73, 76081
List the prime factors of 17591195.
5, 3518239
List the prime factors of 128712896.
2, 13, 67, 2309
List the prime factors of 456256085.
5, 1609, 56713
List the prime factors of 62238735.
3, 5, 13, 106391
List the prime factors of 33151821.
3, 41, 269527
What are the prime factors of 522265802?
2, 261132901
List the prime factors of 297609849.
3, 11022587
What are the prime factors of 138155714?
2, 139, 496963
What are the prime factors of 117348823?
117348823
List the prime factors of 356799033.
3, 317, 41687
What are the prime factors of 133927487?
47, 113, 151, 167
What are the prime factors of 743863153?
11, 2693, 25111
List the prime factors of 499402598.
2, 107, 2333657
What are the prime factors of 538180353?
3, 1237, 48341
List the prime factors of 43777132.
2, 7, 1563469
What are the prime factors of 17264956?
2, 4316239
List the prime factors of 6905074545.
3, 5, 5527, 27763
List the prime factors of 187741334.
2, 11, 8533697
List the prime factors of 2718561989.
11, 13, 19010923
What are the prime factors of 35393607?
3, 83, 47381
List the prime factors of 231045787.
7, 23, 281, 5107
What are the prime factors of 3069032287?
17, 180531311
List the prime factors of 400065675.
3, 5, 17, 313777
What are the prime factors of 287060211?
3, 151, 211229
What are the prime factors of 3255381222?
2, 3, 23, 41, 575359
List the prime factors of 33692442.
2, 3, 7, 173, 4637
What are the prime factors of 115627767?
3, 269, 143281
List the prime factors of 85923185.
5, 17, 1010861
What are the prime factors of 16258185?
3, 5, 120431
List the prime factors of 4110811231.
4110811231
List the prime factors of 42363889.
601, 70489
What are the prime factors of 3494528237?
3494528237
List the prime factors of 136865584.
2, 8554099
List the prime factors of 329245146.
2, 3, 18291397
What are the prime factors of 81708409?
17, 4806377
What are the prime factors of 170238196?
2, 227, 313, 599
List the prime factors of 591907670.
2, 5, 59190767
What are the prime factors of 1056875333?
29, 36443977
What are the prime factors of 555854765?
5, 43, 109, 23719
List the prime factors of 777313948.
2, 5087, 38201
What are the prime factors of 21530913?
3, 7176971
List the prime factors of 1837952240.
2, 5, 22974403
List the prime factors of 9747185.
5, 7, 278491
What are the prime factors of 1386274689?
3, 67, 766321
List the prime factors of 811622325.
3, 5, 10821631
List the prime factors of 34542025.
5, 7, 197383
What are the prime factors of 400383655?
5, 7, 23, 41, 1733
What are the prime factors of 4360919064?
2, 3, 19, 47, 283, 719
List the prime factors of 24641658.
2, 3, 16901
List the prime factors of 262622965.
5, 11, 71, 109, 617
List the prime factors of 61316776.
2, 7664597
List the prime factors of 94923920.
2, 5, 7, 13, 17, 59
What are the prime factors of 29653473?
3, 1439, 6869
What are the prime factors of 411904961?
13, 31684997
What are the prime factors of 154953627?
3, 51651209
List the prime factors of 230480944.
2, 19, 389, 1949
What are the prime factors of 236389538?
2, 7, 11, 23, 66739
List the prime factors of 2068956942.
2, 3, 13, 4211, 6299
List the prime factors of 25649948.
2, 139, 46133
What are the prime factors of 4748598099?
3, 7, 179, 431, 977
What are the prime factors of 77283693?
3, 2862359
What are the prime factors of 20974743?
3, 29